{"id":87,"date":"2021-01-19T16:04:54","date_gmt":"2021-01-19T16:04:54","guid":{"rendered":"https:\/\/www.manuelafuentes.org\/?page_id=87"},"modified":"2021-02-24T15:46:22","modified_gmt":"2021-02-24T15:46:22","slug":"cuidados-paleativos","status":"publish","type":"page","link":"https:\/\/www.manuelafuentes.org\/index.php\/cuidados-paleativos\/","title":{"rendered":"Cuidados paliativos"},"content":{"rendered":"<p>[et_pb_section fb_built=\u00bb1&#8243; admin_label=\u00bbHero section\u00bb _builder_version=\u00bb4.6.6&#8243; use_background_color_gradient=\u00bbon\u00bb background_color_gradient_start=\u00bbrgba(150,105,97,0.67)\u00bb background_color_gradient_end=\u00bbrgba(2,0,76,0.84)\u00bb background_color_gradient_overlays_image=\u00bbon\u00bb background_image=\u00bbhttps:\/\/www.manuelafuentes.org\/wp-content\/uploads\/2020\/12\/MadreEnrique-1-1.jpg\u00bb custom_margin=\u00bb|||\u00bb custom_padding=\u00bb10%||14%|\u00bb locked=\u00bboff\u00bb][et_pb_row column_structure=\u00bb3_4,1_4&#8243; _builder_version=\u00bb3.25&#8243; custom_margin=\u00bb|||\u00bb][et_pb_column type=\u00bb3_4&#8243; _builder_version=\u00bb3.25&#8243; custom_padding=\u00bb1px|||\u00bb custom_padding__hover=\u00bb|||\u00bb][et_pb_cta title=\u00bbManuela Fuentes\u00bb button_url=\u00bb@ET-DC@eyJkeW5hbWljIjp0cnVlLCJjb250ZW50IjoicG9zdF9saW5rX3VybF9wYWdlIiwic2V0dGluZ3MiOnsicG9zdF9pZCI6IjQ1In19@\u00bb button_text=\u00bbHazte socio\u00bb _builder_version=\u00bb4.7.6&#8243; _dynamic_attributes=\u00bbbutton_url\u00bb header_level=\u00bbh1&#8243; header_font=\u00bbLato|900||on|||||\u00bb header_font_size=\u00bb80px\u00bb header_letter_spacing=\u00bb2px\u00bb header_line_height=\u00bb1.2em\u00bb body_font=\u00bbLato||||||||\u00bb body_font_size=\u00bb20px\u00bb body_line_height=\u00bb1.8em\u00bb use_background_color=\u00bboff\u00bb custom_button=\u00bbon\u00bb button_text_size=\u00bb16px\u00bb button_text_color=\u00bb#ffffff\u00bb button_bg_color=\u00bb#8300e9&#8243; button_border_width=\u00bb7px\u00bb button_border_color=\u00bb#8300e9&#8243; button_border_radius=\u00bb5px\u00bb button_letter_spacing=\u00bb2px\u00bb button_font=\u00bbLato|900||on|||||\u00bb text_orientation=\u00bbleft\u00bb max_width=\u00bb750px\u00bb module_alignment=\u00bbleft\u00bb custom_margin=\u00bb|||-201px||\u00bb custom_padding=\u00bb|156px||||\u00bb animation_style=\u00bbfold\u00bb animation_intensity_fold=\u00bb16%\u00bb header_font_size_tablet=\u00bb46px\u00bb header_font_size_phone=\u00bb\u00bb header_font_size_last_edited=\u00bbon|tablet\u00bb header_text_shadow_style=\u00bbpreset1&#8243; header_text_shadow_color=\u00bbrgba(0,0,0,0.6)\u00bb box_shadow_style_button=\u00bbpreset3&#8243; box_shadow_blur_button=\u00bb30px\u00bb box_shadow_spread_button=\u00bb8px\u00bb box_shadow_color_button=\u00bbrgba(250,127,40,0.15)\u00bb button_letter_spacing_hover=\u00bb2px\u00bb button_text_size__hover_enabled=\u00bboff\u00bb button_one_text_size__hover_enabled=\u00bboff\u00bb button_two_text_size__hover_enabled=\u00bboff\u00bb button_text_color__hover_enabled=\u00bboff\u00bb button_one_text_color__hover_enabled=\u00bboff\u00bb button_two_text_color__hover_enabled=\u00bboff\u00bb button_border_width__hover_enabled=\u00bboff\u00bb button_one_border_width__hover_enabled=\u00bboff\u00bb button_two_border_width__hover_enabled=\u00bboff\u00bb button_border_color__hover_enabled=\u00bboff\u00bb button_one_border_color__hover_enabled=\u00bboff\u00bb button_two_border_color__hover_enabled=\u00bboff\u00bb button_border_radius__hover_enabled=\u00bboff\u00bb button_one_border_radius__hover_enabled=\u00bboff\u00bb button_two_border_radius__hover_enabled=\u00bboff\u00bb button_letter_spacing__hover_enabled=\u00bbon\u00bb button_letter_spacing__hover=\u00bb2px\u00bb button_one_letter_spacing__hover_enabled=\u00bboff\u00bb button_two_letter_spacing__hover_enabled=\u00bboff\u00bb button_bg_color__hover_enabled=\u00bboff\u00bb button_one_bg_color__hover_enabled=\u00bboff\u00bb button_two_bg_color__hover_enabled=\u00bboff\u00bb]<\/p>\n<p>Asociaci\u00f3n Extreme\u00f1a de apoyo a las Unidades de<br \/> Cuidados Paliativos.<\/p>\n<p>[\/et_pb_cta][\/et_pb_column][et_pb_column type=\u00bb1_4&#8243; _builder_version=\u00bb3.25&#8243; custom_padding=\u00bb|||\u00bb custom_padding__hover=\u00bb|||\u00bb][\/et_pb_column][\/et_pb_row][\/et_pb_section][et_pb_section fb_built=\u00bb1&#8243; _builder_version=\u00bb3.22&#8243; custom_padding=\u00bb54px|0px|100px|0px\u00bb locked=\u00bboff\u00bb][et_pb_row use_custom_gutter=\u00bbon\u00bb gutter_width=\u00bb1&#8243; _builder_version=\u00bb4.6.6&#8243; background_color=\u00bb#ffffff\u00bb background_size=\u00bbinitial\u00bb background_position=\u00bbtop_left\u00bb background_repeat=\u00bbrepeat\u00bb max_width=\u00bb1440px\u00bb custom_margin=\u00bb-10%|||\u00bb custom_padding=\u00bb60px|0px|112px|0px||\u00bb animation_style=\u00bbslide\u00bb animation_direction=\u00bbbottom\u00bb animation_intensity_slide=\u00bb6%\u00bb animation_starting_opacity=\u00bb100%\u00bb border_radii=\u00bbon|15px|15px|15px|15px\u00bb border_color_all=\u00bb#3c39e6&#8243; border_width_top=\u00bb18px\u00bb border_color_top=\u00bb#8300e9&#8243; box_shadow_style=\u00bbpreset3&#8243; box_shadow_vertical=\u00bb39px\u00bb box_shadow_blur=\u00bb80px\u00bb box_shadow_color=\u00bbrgba(0,0,0,0.1)\u00bb use_custom_width=\u00bbon\u00bb custom_width_px=\u00bb1440px\u00bb][et_pb_column type=\u00bb4_4&#8243; _builder_version=\u00bb3.25&#8243; custom_padding=\u00bb|40px||40px\u00bb custom_padding__hover=\u00bb|||\u00bb][et_pb_text _builder_version=\u00bb4.8.1&#8243; text_font=\u00bb||||||||\u00bb text_line_height=\u00bb2em\u00bb header_font=\u00bb||||||||\u00bb header_2_font=\u00bbMerriweather|700|||||||\u00bb header_2_font_size=\u00bb36px\u00bb header_2_line_height=\u00bb1.6em\u00bb header_2_font_size_tablet=\u00bb\u00bb header_2_font_size_phone=\u00bb20px\u00bb header_2_font_size_last_edited=\u00bbon|phone\u00bb locked=\u00bboff\u00bb]<\/p>\n<h2>\u00bfQue son los cuidados Paliativos?<\/h2>\n<p style=\"text-align: justify;\">Son aquellos cuidados enfocados a mejorar la calidad de vida de pacientes con enfermedades en situaci\u00f3n avanzada y terminal. Adem\u00e1s, dan apoyo a sus familiares o cuidadores.<\/p>\n<p style=\"text-align: justify;\">Los cuidados paliativos deben ser entendidos como parte del proceso de atenci\u00f3n, comprendiendo todos los niveles asistenciales de una forma coordinada para que se pueda atender de forma integral en cada momento y as\u00ed poder aumentar la calidad de la atenci\u00f3n al final de la vida a los pacientes y proporcionar el apoyo necesario a su familiares y cuidadores.<\/p>\n<p style=\"text-align: justify;\">[\/et_pb_text][et_pb_divider color=\u00bb#8300E9&#8243; divider_position=\u00bbcenter\u00bb _builder_version=\u00bb4.8.1&#8243; _module_preset=\u00bbdefault\u00bb][\/et_pb_divider][et_pb_text _builder_version=\u00bb4.8.1&#8243; text_font=\u00bb||||||||\u00bb text_line_height=\u00bb2em\u00bb header_font=\u00bb||||||||\u00bb header_2_font=\u00bbMerriweather|700|||||||\u00bb header_2_font_size=\u00bb36px\u00bb header_2_line_height=\u00bb1.6em\u00bb header_2_font_size_tablet=\u00bb\u00bb header_2_font_size_phone=\u00bb20px\u00bb header_2_font_size_last_edited=\u00bbon|phone\u00bb locked=\u00bboff\u00bb]<\/p>\n<h2>\u00bfQui\u00e9n pude recibir este tipo de cuidados?<\/h2>\n<p style=\"text-align: justify;\">Una amplia gama de enfermedades requiere cuidados paliativos. La mayor\u00eda de los adultos que los necesitan padecen enfermedades cr\u00f3nicas tales como enfermedades cardiovasculares (38,5%), c\u00e1ncer (34 %), enfermedades respiratorias cr\u00f3nicas (10,3%), sida (5,7%) y diabetes (4,6%). Muchas otras afecciones pueden requerir asistencia paliativa; por ejemplo, insuficiencia renal, enfermedades hep\u00e1ticas cr\u00f3nicas, esclerosis m\u00faltiple, enfermedad de Parkinson, artritis reumatoide, enfermedades neurol\u00f3gicas, demencia, anomal\u00edas cong\u00e9nitas y tuberculosis resistente a los medicamentos.<\/p>\n<p>[\/et_pb_text][et_pb_divider color=\u00bb#8300E9&#8243; divider_position=\u00bbcenter\u00bb _builder_version=\u00bb4.8.1&#8243; _module_preset=\u00bbdefault\u00bb][\/et_pb_divider][et_pb_text _builder_version=\u00bb4.9.0&#8243; text_font=\u00bb||||||||\u00bb text_line_height=\u00bb2em\u00bb header_font=\u00bb||||||||\u00bb header_2_font=\u00bbMerriweather|700|||||||\u00bb header_2_font_size=\u00bb36px\u00bb header_2_line_height=\u00bb1.6em\u00bb header_2_font_size_tablet=\u00bb\u00bb header_2_font_size_phone=\u00bb20px\u00bb header_2_font_size_last_edited=\u00bbon|phone\u00bb locked=\u00bboff\u00bb]<\/p>\n<h2>\u00bfCu\u00e1les son sus objetivos?<\/h2>\n<p>Proporcionar alivio del dolor y de otros s\u00edntomas.<\/p>\n<ul>\n<li>Ofrecer una atenci\u00f3n integral, que incluya aspectos f\u00edsicos, psicol\u00f3gicos, sociales y espirituales.<\/li>\n<li>Establecer una comunicaci\u00f3n sensible y fluida, adaptada a las necesidades de pacientes y familias.<\/li>\n<li>Ofrecer un sistema de apoyo para ayudar a los pacientes a vivir lo m\u00e1s activamente posible hasta el momento de su muerte.<\/li>\n<li>Ofrecer un sistema de apoyo a las familias para ayudarlas durante la enfermedad y despu\u00e9s del fallecimiento.<\/li>\n<li>Coordinar a los profesionales que intervienen durante la enfermedad<\/li>\n<li>En definitiva, aliviar el sufrimiento y mejorar la calidad de vida.<\/li>\n<\/ul>\n<p>[\/et_pb_text][et_pb_divider color=\u00bb#8300E9&#8243; divider_position=\u00bbcenter\u00bb _builder_version=\u00bb4.8.1&#8243; _module_preset=\u00bbdefault\u00bb][\/et_pb_divider][\/et_pb_column][\/et_pb_row][\/et_pb_section]<\/p>\n","protected":false},"excerpt":{"rendered":"<p>Asociaci\u00f3n Extreme\u00f1a de apoyo a las Unidades de Cuidados Paliativos.\u00bfQue son los cuidados Paliativos? Son aquellos cuidados enfocados a mejorar la calidad de vida de pacientes con enfermedades en situaci\u00f3n avanzada y terminal. Adem\u00e1s, dan apoyo a sus familiares o cuidadores. Los cuidados paliativos deben ser entendidos como parte del proceso de atenci\u00f3n, comprendiendo todos [&hellip;]<\/p>\n","protected":false},"author":1,"featured_media":0,"parent":0,"menu_order":0,"comment_status":"closed","ping_status":"closed","template":"","meta":{"_et_pb_use_builder":"on","_et_pb_old_content":"","_et_gb_content_width":"","footnotes":""},"class_list":["post-87","page","type-page","status-publish","hentry"],"_links":{"self":[{"href":"https:\/\/www.manuelafuentes.org\/index.php\/wp-json\/wp\/v2\/pages\/87","targetHints":{"allow":["GET"]}}],"collection":[{"href":"https:\/\/www.manuelafuentes.org\/index.php\/wp-json\/wp\/v2\/pages"}],"about":[{"href":"https:\/\/www.manuelafuentes.org\/index.php\/wp-json\/wp\/v2\/types\/page"}],"author":[{"embeddable":true,"href":"https:\/\/www.manuelafuentes.org\/index.php\/wp-json\/wp\/v2\/users\/1"}],"replies":[{"embeddable":true,"href":"https:\/\/www.manuelafuentes.org\/index.php\/wp-json\/wp\/v2\/comments?post=87"}],"version-history":[{"count":19,"href":"https:\/\/www.manuelafuentes.org\/index.php\/wp-json\/wp\/v2\/pages\/87\/revisions"}],"predecessor-version":[{"id":456,"href":"https:\/\/www.manuelafuentes.org\/index.php\/wp-json\/wp\/v2\/pages\/87\/revisions\/456"}],"wp:attachment":[{"href":"https:\/\/www.manuelafuentes.org\/index.php\/wp-json\/wp\/v2\/media?parent=87"}],"curies":[{"name":"wp","href":"https:\/\/api.w.org\/{rel}","templated":true}]}}

<p>[et_pb_section fb_built=»1&#8243; admin_label=»Hero section» _builder_version=»4.6.6&#8243; use_background_color_gradient=»on» background_color_gradient_start=»rgba(150,105,97,0.67)» background_color_gradient_end=»rgba(2,0,76,0.84)» background_color_gradient_overlays_image=»on» background_image=»https://www.manuelafuentes.org/wp-content/uploads/2020/12/MadreEnrique-1-1.jpg» custom_margin=»|||» custom_padding=»10%||14%|» locked=»off»][et_pb_row column_structure=»3_4,1_4&#8243; _builder_version=»3.25&#8243; custom_margin=»|||»][et_pb_column type=»3_4&#8243; _builder_version=»3.25&#8243; custom_padding=»1px|||» custom_padding__hover=»|||»][et_pb_cta title=»Manuela Fuentes» button_url=»@ET-DC@eyJkeW5hbWljIjp0cnVlLCJjb250ZW50IjoicG9zdF9saW5rX3VybF9wYWdlIiwic2V0dGluZ3MiOnsicG9zdF9pZCI6IjQ1In19@» button_text=»Hazte socio» _builder_version=»4.7.6&#8243; _dynamic_attributes=»button_url» header_level=»h1&#8243; header_font=»Lato|900||on|||||» header_font_size=»80px» header_letter_spacing=»2px» header_line_height=»1.2em» body_font=»Lato||||||||» body_font_size=»20px» body_line_height=»1.8em» use_background_color=»off» custom_button=»on» button_text_size=»16px» button_text_color=»#ffffff» button_bg_color=»#8300e9&#8243; button_border_width=»7px» button_border_color=»#8300e9&#8243; button_border_radius=»5px» button_letter_spacing=»2px» button_font=»Lato|900||on|||||» text_orientation=»left» max_width=»750px» module_alignment=»left» custom_margin=»|||-201px||» custom_padding=»|156px||||» animation_style=»fold» animation_intensity_fold=»16%» header_font_size_tablet=»46px» header_font_size_phone=»» header_font_size_last_edited=»on|tablet» header_text_shadow_style=»preset1&#8243; header_text_shadow_color=»rgba(0,0,0,0.6)» box_shadow_style_button=»preset3&#8243; box_shadow_blur_button=»30px» box_shadow_spread_button=»8px» box_shadow_color_button=»rgba(250,127,40,0.15)» button_letter_spacing_hover=»2px» button_text_size__hover_enabled=»off» button_one_text_size__hover_enabled=»off» button_two_text_size__hover_enabled=»off» button_text_color__hover_enabled=»off» button_one_text_color__hover_enabled=»off» button_two_text_color__hover_enabled=»off» button_border_width__hover_enabled=»off» button_one_border_width__hover_enabled=»off» button_two_border_width__hover_enabled=»off» button_border_color__hover_enabled=»off» button_one_border_color__hover_enabled=»off» button_two_border_color__hover_enabled=»off» button_border_radius__hover_enabled=»off» button_one_border_radius__hover_enabled=»off» button_two_border_radius__hover_enabled=»off» button_letter_spacing__hover_enabled=»on» button_letter_spacing__hover=»2px» button_one_letter_spacing__hover_enabled=»off» button_two_letter_spacing__hover_enabled=»off» button_bg_color__hover_enabled=»off» button_one_bg_color__hover_enabled=»off» button_two_bg_color__hover_enabled=»off»]</p>
<p>Asociación Extremeña de apoyo a las Unidades de<br /> Cuidados Paliativos.</p>
<p>[/et_pb_cta][/et_pb_column][et_pb_column type=»1_4&#8243; _builder_version=»3.25&#8243; custom_padding=»|||» custom_padding__hover=»|||»][/et_pb_column][/et_pb_row][/et_pb_section][et_pb_section fb_built=»1&#8243; _builder_version=»3.22&#8243; custom_padding=»54px|0px|100px|0px» locked=»off»][et_pb_row use_custom_gutter=»on» gutter_width=»1&#8243; _builder_version=»4.6.6&#8243; background_color=»#ffffff» background_size=»initial» background_position=»top_left» background_repeat=»repeat» max_width=»1440px» custom_margin=»-10%|||» custom_padding=»60px|0px|112px|0px||» animation_style=»slide» animation_direction=»bottom» animation_intensity_slide=»6%» animation_starting_opacity=»100%» border_radii=»on|15px|15px|15px|15px» border_color_all=»#3c39e6&#8243; border_width_top=»18px» border_color_top=»#8300e9&#8243; box_shadow_style=»preset3&#8243; box_shadow_vertical=»39px» box_shadow_blur=»80px» box_shadow_color=»rgba(0,0,0,0.1)» use_custom_width=»on» custom_width_px=»1440px»][et_pb_column type=»4_4&#8243; _builder_version=»3.25&#8243; custom_padding=»|40px||40px» custom_padding__hover=»|||»][et_pb_text _builder_version=»4.8.1&#8243; text_font=»||||||||» text_line_height=»2em» header_font=»||||||||» header_2_font=»Merriweather|700|||||||» header_2_font_size=»36px» header_2_line_height=»1.6em» header_2_font_size_tablet=»» header_2_font_size_phone=»20px» header_2_font_size_last_edited=»on|phone» locked=»off»]</p>
<h2>¿Que son los cuidados Paliativos?</h2>
<p style="text-align: justify;">Son aquellos cuidados enfocados a mejorar la calidad de vida de pacientes con enfermedades en situación avanzada y terminal. Además, dan apoyo a sus familiares o cuidadores.</p>
<p style="text-align: justify;">Los cuidados paliativos deben ser entendidos como parte del proceso de atención, comprendiendo todos los niveles asistenciales de una forma coordinada para que se pueda atender de forma integral en cada momento y así poder aumentar la calidad de la atención al final de la vida a los pacientes y proporcionar el apoyo necesario a su familiares y cuidadores.</p>
<p style="text-align: justify;">[/et_pb_text][et_pb_divider color=»#8300E9&#8243; divider_position=»center» _builder_version=»4.8.1&#8243; _module_preset=»default»][/et_pb_divider][et_pb_text _builder_version=»4.8.1&#8243; text_font=»||||||||» text_line_height=»2em» header_font=»||||||||» header_2_font=»Merriweather|700|||||||» header_2_font_size=»36px» header_2_line_height=»1.6em» header_2_font_size_tablet=»» header_2_font_size_phone=»20px» header_2_font_size_last_edited=»on|phone» locked=»off»]</p>
<h2>¿Quién pude recibir este tipo de cuidados?</h2>
<p style="text-align: justify;">Una amplia gama de enfermedades requiere cuidados paliativos. La mayoría de los adultos que los necesitan padecen enfermedades crónicas tales como enfermedades cardiovasculares (38,5%), cáncer (34 %), enfermedades respiratorias crónicas (10,3%), sida (5,7%) y diabetes (4,6%). Muchas otras afecciones pueden requerir asistencia paliativa; por ejemplo, insuficiencia renal, enfermedades hepáticas crónicas, esclerosis múltiple, enfermedad de Parkinson, artritis reumatoide, enfermedades neurológicas, demencia, anomalías congénitas y tuberculosis resistente a los medicamentos.</p>
<p>[/et_pb_text][et_pb_divider color=»#8300E9&#8243; divider_position=»center» _builder_version=»4.8.1&#8243; _module_preset=»default»][/et_pb_divider][et_pb_text _builder_version=»4.9.0&#8243; text_font=»||||||||» text_line_height=»2em» header_font=»||||||||» header_2_font=»Merriweather|700|||||||» header_2_font_size=»36px» header_2_line_height=»1.6em» header_2_font_size_tablet=»» header_2_font_size_phone=»20px» header_2_font_size_last_edited=»on|phone» locked=»off»]</p>
<h2>¿Cuáles son sus objetivos?</h2>
<p>Proporcionar alivio del dolor y de otros síntomas.</p>
<ul>
<li>Ofrecer una atención integral, que incluya aspectos físicos, psicológicos, sociales y espirituales.</li>
<li>Establecer una comunicación sensible y fluida, adaptada a las necesidades de pacientes y familias.</li>
<li>Ofrecer un sistema de apoyo para ayudar a los pacientes a vivir lo más activamente posible hasta el momento de su muerte.</li>
<li>Ofrecer un sistema de apoyo a las familias para ayudarlas durante la enfermedad y después del fallecimiento.</li>
<li>Coordinar a los profesionales que intervienen durante la enfermedad</li>
<li>En definitiva, aliviar el sufrimiento y mejorar la calidad de vida.</li>
</ul>
<p>[/et_pb_text][et_pb_divider color=»#8300E9&#8243; divider_position=»center» _builder_version=»4.8.1&#8243; _module_preset=»default»][/et_pb_divider][/et_pb_column][/et_pb_row][/et_pb_section]</p>

<p>Asociación Extremeña de apoyo a las Unidades de Cuidados Paliativos.¿Que son los cuidados Paliativos? Son aquellos cuidados enfocados a mejorar la calidad de vida de pacientes con enfermedades en situación avanzada y terminal. Además, dan apoyo a sus familiares o cuidadores. Los cuidados paliativos deben ser entendidos como parte del proceso de atención, comprendiendo todos [&hellip;]</p>
